(-3 - 0/f). Suppose -3*c + 35 = 2*l, 0 = -2*c + g*l + 16 + 14. What is the units digit of c?
3
Suppose 9*f = 2*f + 70. Let p(q) = -q**3 + 12*q**2 - 9*q - 21. What is the tens digit of p(f)?
8
Let s(l) = 44*l - 221. What is the tens digit of s(12)?
0
Suppose 0 = 5*p - 5*n + 3*n - 4374, -2*n + 1758 = 2*p. What is the tens digit of p?
7
Let z be 1/(2 - 3/2). Suppose -46 = -z*k + 4*a, 133 = 5*k + 5*a + 33. Suppose -3*c - 3*d + 12 + k = 0, -22 = -2*c + 2*d. What is the units digit of c?
1
Let s(f) = -f**2 - f + 920. What is the hundreds digit of s(0)?
9
Let x be 4 - 4*(-4)/(-8). Let w(p) = 32 - x*p - 2*p + p**2 - 2*p**2 + 5*p. What is the units digit of w(0)?
2
Let a = 87 - 68. Let i = 10 + a. What is the units digit of i?
9
What is the units digit of (-13)/(-26)*-14 + 4357?
0
Suppose 1600 = 6*o - 2864. What is the tens digit of o?
4
Let g(q) = 634*q - 303. What is the units digit of g(4)?
3
Let n(z) = -24*z - 14. Let b(d) = -d**3 + 18*d**2 - 33*d + 10. Let r be b(16). What is the units digit of n(r)?
0
Suppose t - 182*z - 115 = -187*z, 0 = 3*t + 4*z - 400. What is the hundreds digit of t?
1
What is the units digit of ((-112)/40)/(8/(-60))?
1
Let n = 1095 + -778. What is the hundreds digit of n?
3
Let n(o) = -3*o**2 - 11*o - 12. Let k be n(-1). Let a(p) = p. Let u(i) = -11*i + 5. Let v(q) = 4*a(q) + u(q). What is the tens digit of v(k)?
3
Suppose -a + 193 + 286 = 0. Suppose 268 - 26 = j + 3*c, c - a = -2*j. What is the hundreds digit of j?
2
Let l be (30/(-7))/(46/(-161)). Suppose 9*z - 4*z = 0. Suppose z*p + l = p. What is the units digit of p?
5
Suppose -3*o - 849 = -3*c, 8*c = 4*c + 3*o + 1136. What is the units digit of c?
7
Suppose -t = -2*o - 8, -t + o + 12 = 3*o. Suppose -5*q = -t*q - 20. What is the units digit of 1 - (-21 + q)/1?
6
Let w(i) = i**2 + 8*i + 17. Let z be w(-3). Suppose 0 = 2*a - 8. Suppose 3*m - o = 96, z*o + a = -2. What is the tens digit of m?
3
What is the units digit of ((-21792)/(-128))/((-3)/(-4))?
7
Let x = 63 + -8. Suppose 0*h = -5*k + h + x, 5*h + 35 = 5*k. What is the tens digit of k?
1
Suppose 308 = 5*l + 73. Suppose l + 8 = h. What is the tens digit of h?
5
What is the thousands digit of (-326)/(-2119) - (-37464)/13?
2
Let n(w) = w**3 + 35*w**2 - 50*w + 77. What is the units digit of n(-36)?
1
Suppose -3*w = -4*t + 2237 - 10246, -2*t - 13367 = -5*w. What is the hundreds digit of w?
6
What is the hundreds digit of 12*(-18)/(-27) - -722?
7
Let g(t) = -t**3 + 26*t**2 + 76*t + 30. What is the hundreds digit of g(28)?
5
Let b = -2204 - -3557. What is the hundreds digit of b?
3
Suppose 3 - 1 = 2*h - 3*g, -2*h - 2*g + 12 = 0. What is the hundreds digit of (-1482)/(-10) - ((-12)/(-15))/h?
1
What is the units digit of ((-150)/12 - -13)/((-1)/(-1836))?
8
Let h be 3 - 1 - (-1 + -1). Suppose -h*t - 100 = -6*t. Suppose -a - 16 = -t. What is the tens digit of a?
3
Suppose 0 = -5*r - 7*d + 3*d + 24, -3*r = -2*d - 32. Let x = r + 58. What is the units digit of x?
6
Let q = 309 + 193. What is the hundreds digit of q?
5
Suppose -9*f = -12*f + 309. What is the hundreds digit of f?
1
Let j = 1279 - 295. What is the units digit of j?
4
Suppose -3*a = -2*g - 65, 2*a + a = 4*g + 67. Let l be (-32)/(-6) - 7/a. What is the units digit of (6/l)/(30/225)?
9
Let w(u) = 5*u**2 - 1 - 4*u + 3 + 5*u**2 - 5*u**2. Let b(a) = 3*a**3 - a**2. Let j be b(1). What is the units digit of w(j)?
4
Suppose 6*d - d - 70 = 0. Let u = -28 + d. Let p = u - -47. What is the tens digit of p?
3
Let z(h) be the first derivative of 3*h**4/2 - h**3/3 - h**2/2 - 9*h - 21. What is the hundreds digit of z(3)?
1
Let z(j) = 3*j**2 - 9*j + 10. Let c = 22 - 22. Suppose c = 3*l + 5*n + 10, -l - 25 = -4*l + 2*n. What is the units digit of z(l)?
0
Suppose 0 = 5*b - b + s - 1176, 0 = 2*b + 5*s - 570. Suppose 8*i - b - 185 = 0. What is the tens digit of i?
6
Let h be (145 + -11)/((-4)/(-26)). Suppose 12*j = 2491 - h. What is the units digit of j?
5
Let l(s) = -s**2 + 8*s + 13. Let v be l(9). Let c be (-6)/(-4)*(2 + 0). Suppose -c*n = 2*w + 3*w + v, 3*n = -w + 4. What is the units digit of n?
2
Suppose 5*k + 12 + 12 = 2*h, 0 = -k - 4. Suppose h*d + 3*c - 4 = 0, d = -c - 0 + 3. Suppose d*n = 24 + 1. What is the units digit of n?
5
Let d(l) = -3*l - 14. Let c be d(-6). Suppose -4*u + 182 = u + c*k, u - 37 = -k. What is the units digit of u?
4
Let d(k) = -k**3 + 18*k**2 - 13*k - 6. What is the hundreds digit of d(7)?
4
Suppose n - 41 = -5*q - 2*n, 2*q = 5*n + 4. Suppose 3*s = q*s - 12. Suppose s*m = 21 + 12. What is the units digit of m?
1
Let s(u) = u**3 + 6*u**2 - 5*u + 2. Let x be s(-6). Suppose -a + 3*y - 9 = 0, -2*a - x = 3*a - 2*y. Let l(v) = v**2 + 4*v + 9. What is the tens digit of l(a)?
2
Suppose -12 = -3*y + 4*y. Let i = 15 - y. What is the units digit of i?
7
Let k(v) = -11*v**2 - v - 3. Let c be k(-2). Let a = c - -60. What is the tens digit of a?
1
What is the thousands digit of ((-172710)/75)/((-12)/30)?
5
Let o(x) = 34*x + 24. Let m be o(12). Let v be (2 - m/20)*-5. Let u = v - 68. What is the tens digit of u?
3
What is the tens digit of -6 - -2 - 410/(0 + -1)?
0
Suppose 4*z + 2*x = 3620, -2733 = -3*z - 22*x + 25*x. What is the tens digit of z?
0
Suppose 5*c + 0*c = d - 13, 4*d - 5*c = 82. Suppose -7*x + 18 = -10*x. Let p = x + d. What is the tens digit of p?
1
Suppose 0 = 40*y - 45*y - 4*x + 20260, 5*x - 12156 = -3*y. What is the units digit of y?
2
Suppose -4*i + 3*n = -345, 4*i - 2*i - 155 = 5*n. Let q = 166 - i. What is the tens digit of q?
7
Let n be ((-126)/(-28))/((-5)/10). Let c(b) = b - 19. Let k(w) = -3*w + 37. Let a(t) = -5*c(t) - 2*k(t). What is the tens digit of a(n)?
1
What is the units digit of (-230)/(-138) - (-22)/3?
9
Let t = 5044 - 741. What is the tens digit of t?
0
Let w be 1 + 146 - 2 - (-2)/2. What is the units digit of (-2)/(-4)*0 + w?
6
Let s be 1/(1/(-2)) - -64. Suppose -s = -f - 22. Suppose -3*w = -v - f, -4*w - v = 4*v - 47. What is the units digit of w?
3
Let k = -867 - -1268. Suppose -4*d - 4*a + 343 = -k, 3*a = -15. What is the units digit of d?
1
What is the tens digit of 275/(-1)*(-66)/55?
3
Let n be 0 + (-25 - 0)*-1. Suppose 0 = 29*v - n*v - 32. What is the units digit of v?
8
Suppose -2*u + 3 = u + w, 0 = w - 3. Suppose u = 7*d - 2*d - 215. What is the tens digit of (-12 + 11)/((-1)/d)?
4
Let z = -859 + 1203. Suppose -z = -4*m - 4*m. What is the units digit of m?
3
Suppose 19*z + 10*z = 74008. What is the hundreds digit of z?
5
Let w(n) = 2607*n - 215. What is the hundreds digit of w(1)?
3
Let s(l) be the third derivative of l**5/30 - l**4/24 - l**3/2 + l**2. Let o(m) be the first derivative of s(m). What is the tens digit of o(5)?
1
Let j(r) = r**3 - 11*r**2 + r - 64. What is the tens digit of j(15)?
5
Let w(i) = i**3 - 19*i**2 - 17*i - 5. Let f be w(21). Suppose -2*v + f = 3*c, v = -4*c + 2*c + 348. What is the tens digit of c?
7
Let l = -24 + 27. Let f(b) = b**2 + 3*b - 8. Let j be f(l). What is the tens digit of (-2)/j - (-3410)/50?
6
Let b(z) be the first derivative of z**3/3 - z**2/2 - 3*z + 5. Let n(v) = -v**2 - v + 3. Let q be n(0). What is the units digit of b(q)?
3
Let l = 3 + -3. Suppose f - 37 + 6 = -3*j, -2*j - 5*f + 38 = 0. Let v = j - l. What is the units digit of v?
9
Let s = 13 + 24. Let j = -37 + s. Suppose 0 = -3*c + 5*a + 135, j*c = -2*c + 5*a + 85. What is the units digit of c?
0
Suppose q - 26 = -5*l - 3*q, 0 = -4*q - 4. Let t be (-5 - 1)*9/l. Let k = 17 + t. What is the units digit of k?
8
Suppose 5*r + 2*m - 22 = -6, 3*r = -2*m + 8. Suppose -5*u = -3*u + 4*i - 266, r*u + 4*i = 552. What is the units digit of u?
3
Let i(u) = -u**3 - 7*u**2 - 5*u + 10. Let t be i(-6). What is the units digit of 282/4 - (-1 + 10/t)?
9
Let y = 581 + -20. What is the units digit of y?
1
What is the thousands digit of ((-3702)/4)/(-2 + 10/8)?
1
Suppose 11*t - 1640 = 6*t. What is the hundreds digit of t?
3
Let j(z) = 20*z - 97. What is the units digit of j(18)?
3
Let o(n) = -n**3 - 4*n**2 + 6*n - 7. Let i be o(-5). Let t(u) = -3*u**3 - 2*u**2 + 2. Let g be t(-2). Let q = g + i. What is the units digit of q?
6
Suppose 6*c = c - 20, 4*s + 2*c - 4 = 0. Suppose 6*x = s*x + 87. Suppose -x = -3*h + 2*h. What is the units digit of h?
9
Suppose 4*z = t + 156, -2*t - 2*z + 119 - 481 = 0. Let w = t - -252. What is the tens digit of w?
7
L